-5ebe6 + 3da?
-5e80c
In base 11, what is 235 - -61303?
61538
In base 14, what is 1c915 - 3bd?
1c536
In base 9, what is 0 + -46500652?
-46500652
In base 3, what is -101 + -211212220011012?
-211212220011120
In base 4, what is 1020013203320 - 0?
1020013203320
In base 8, what is -175010604 - 4?
-175010610
In base 11, what is -4 - 21351a2?
-21351a6
In base 6, what is 13 + -1433152350?
-1433152333
In base 2, what is -100111100001 + 1010101011111110?
1010000100011101
In base 4, what is -22100031301022 - 0?
-22100031301022
In base 4, what is -12 + -1100222301023?
-1100222301101
In base 8, what is -1756 - -63720?
61742
In base 9, what is -7 - 325070?
-325077
In base 15, what is d92 - 18a?
c07
In base 15, what is 259c7 + 7?
259ce
In base 6, what is 504402 - -1210?
510012
In base 9, what is 153300 + -136?
153153
In base 10, what is 6 - -4067543?
4067549
In base 2, what is -10110 - -1110101100101111?
1110101100011001
In base 4, what is 120312 + 1122132202?
1122313120
In base 11, what is -459 + -200122?
-200580
In base 10, what is 251 - -16928?
17179
In base 10, what is 6003450 + 5?
6003455
In base 6, what is 24 + 3520450013?
3520450041
In base 8, what is 4 - 17477757?
-17477753
In base 11, what is 1707 - -521?
2128
In base 11, what is -3 + -65378630?
-65378633
In base 3, what is -21010010222 - 12020?
-21010100012
In base 4, what is 3121221322012 + -11?
3121221322001
In base 15, what is -8ae9 - -134?
-89b5
In base 6, what is -11211 - -10424?
-343
In base 4, what is -113221 + 22320?
-30301
In base 12, what is -11 + -32429b?
-3242b0
In base 8, what is -1 - 24231426?
-24231427
In base 3, what is 1 - -2201201021221220?
2201201021221221
In base 16, what is 1e9b9999 - 0?
1e9b9999
In base 8, what is 14572241 + -2?
14572237
In base 13, what is 241 - -8176?
83b7
In base 8, what is 602777243 + 1?
602777244
In base 3, what is -2 - -12222112210201222?
12222112210201220
In base 14, what is -22 - 7c519?
-7c53b
In base 8, what is -461352 + -217?
-461571
In base 9, what is -737 - -166664?
165826
In base 9, what is 1442 - 25373?
-23831
In base 12, what is 188b8 + -2?
188b6
In base 3, what is -1202020012221122 + 0?
-1202020012221122
In base 16, what is 3 + -3952d17?
-3952d14
In base 16, what is 6af - -a717?
adc6
In base 9, what is -1041186836 + -3?
-1041186840
In base 11, what is 1602a - 7343?
9797
In base 5, what is -1304200 - 2120103?
-3424303
In base 8, what is -162 + -6546404?
-6546566
In base 7, what is 4040624 - -21?
4040645
In base 8, what is -33 + -232605762?
-232606015
In base 10, what is 2 + -1256346?
-1256344
In base 6, what is -115513 + 2454?
-113015
In base 8, what is 1141625 + -137?
1141466
In base 11, what is -79609 + 962?
-78757
In base 11, what is -146a2 + 917?
-13886
In base 11, what is -a37 - -27120?
26194
In base 9, what is 5 + -36753264?
-36753258
In base 12, what is -18 + 171040?
171024
In base 12, what is -5 - 4a03b850?
-4a03b855
In base 12, what is -1446753 + -24?
-1446777
In base 12, what is -120922b7 - -3?
-120922b4
In base 7, what is -222 - -3063554?
3063332
In base 5, what is -14212223223 - 2?
-14212223230
In base 6, what is 151 + 2255141?
2255332
In base 4, what is -10132020 + -220?
-10132300
In base 9, what is -2306385068 + 4?
-2306385064
In base 9, what is -141571481 + 4?
-141571476
In base 16, what is -86b - fa90?
-102fb
In base 6, what is 1455505 + 2335?
1502244
In base 4, what is -3110102 + -1333?
-3112101
In base 10, what is 8566 - 585?
7981
In base 10, what is 28 - 893136?
-893108
In base 4, what is -11 + 1001222233021?
1001222233010
In base 10, what is -114645975 - 0?
-114645975
In base 3, what is -1011211101 - 2002112?
-1020220220
In base 2, what is 11 + -100010000011110011000?
-100010000011110010101
In base 16, what is 4aa7 + -313?
4794
In base 2, what is -1001111001111000111111101 + 1000011?
-1001111001111000110111010
In base 9, what is 5067462 + -3?
5067458
In base 16, what is 5 + -199727e?
-1997279
In base 9, what is -18852478 + -1?
-18852480
In base 9, what is -803240221 - -4?
-803240216
In base 9, what is 42016 + 1045?
43062
In base 7, what is -6450 - 431561?
-441341
In base 7, what is -421233 - 323?
-421556
In base 7, what is 136 - -22342416?
22342555
In base 11, what is -93 - 34962?
-34a45
In base 13, what is -47a1104 - c?
-47a1113
In base 8, what is -2116 + 130233?
126115
In base 14, what is -14c5 - 4034?
-5519
In base 13, what is -3c50a81 + 12?
-3c50a6c
In base 7, what is 3106513 - 412?
3106101
In base 15, what is -1078c + 1601?
-e18b
In base 3, what is 1021222 - 2210110001?
-2202011002
In base 13, what is -14803a - 1?
-14803b
In base 11, what is 2 + -458784?
-458782
In base 10, what is -88 - 2311651?
-2311739
In base 15, what is -6 + -600c28?
-600c2e
In base 16, what is 55d05e + -8?
55d056
In base 15, what is 37 - 18bda?
-18ba3
In base 2, what is -101 + -1010001011110110101010001?
-1010001011110110101010110
In base 7, what is -2646 - 24243?
-30222
In base 8, what is -173330 + -13251?
-206601
In base 2, what is -1110111011 + -1000011100000100101?
-1000011101111100000
In base 5, what is 112 - -1024444?
1030111
In base 10, what is 124634477 + -4?
124634473
In base 9, what is 22 - -6101523?
6101545
In base 2, what is -1011110101001011111 - 10010?
-1011110101001110001
In base 7, what is 34133561 + -14?
34133544
In base 7, what is 1 + 5456020131?
5456020132
In base 8, what is 23057 + -3373?
17464
In base 11, what is -52 + -47126?
-47178
In base 6, what is -2 + 53211503?
53211501
In base 13, what is 5034 + -cb3c?
-7b08
In base 6, what is -3 - -1424555231?
1424555224
In base 12, what is -128 - -24101?
23b95
In base 3, what is -2 - -1001001112012202?
1001001112012200
In base 15, what is -2aa90c01 + -1?
-2aa90c02
In base 15, what is -65568 + 15?
-65553
In base 9, what is -366 + -36737?
-37214
In base 9, what is 2620 - -11720?
14440
In base 10, what is 723 - -490950?
491673
In base 14, what is -4d - -85ac54?
85ac05
In base 6, what is -105302 + -1213?
-110515
In base 4, what is -130230130313 - -2?
-130230130311
In base 13, what is -21799a7 + 16?
-2179991
In base 3, what is -1 + -220121010022012?
-220121010022020
In base 14, what is 27 - 4375bc?
-437595
In base 10, what is 20169974 + -2?
20169972
In base 2, what is 1011111111111010101010 - -101?
1011111111111010101111
In base 16, what is 4b7 - -4b9d?
5054
In base 7, what is -6231616045 - 3?
-6231616051
In base 11, what is -303 - -35983?
35680
In base 6, what is 132453440 - 32?
132453404
In base 6, what is -44 + -5041110?
-5041154
In base 8, what is -304 - -543447?
543143
In base 13, what is 1251cc - 68?
125164
In base 6, what is 20350 - -1413?
22203
In base 12, what is 5728 - 67b?
5069
In base 5, what is -114 - -201104422?
201104303
In base 14, what is 1 + -1dc1162?
-1dc1161
In base 2, what is 1000101010110100 - 11000011100?
1000010010011000
In base 16, what is 2f139 - -280?
2f3b9
In base 7, what is 1 + -16040510?
-16040506
In base 13, what is 228 - a499?
-a271
In base 4, what is 11 + 11001032011010?
11001032011021
In base 4, what is -1012230123201 + 33?
-1012230123102
In base 2, what is 11 - -100111101111101101?
100111101111110000
In base 5, what is 31114 + -4022120?
-3441001
In base 2, what is -1100011011011 - -110010101100101?
100110010001010
In base 4, what is 321 + 20111110?
20112031
In base 15, what is -1ba2d + -49b?
-1bec9
In base 3, what is 1220 - 2201211002121?
-2201211000201
In base 2, what is 10110101010 - 1110011001101111?
-1110000011000101
In base 13, what is 124c8c6 + -5?
124c8c1
In base 11, what is -3 - 21196331?
-21196334
In base 15, what is -91 - 1a5ca?
-1a66b
In base 3, what is -20221202 - 102202000200?
-102222222102
In base 12, what is -55015 - 27?
-55040
In base 11, what is 0 + -3459943?
-3459943
In base 7, what is 144 + -1564044?
-1563600
In base 9, what is 622 + 31583?
32315
In base 2, what is -10100100011010 + 110001101101?
-1110010101101
In base 4, what is -3130 - 20332203?
-21001333
In base 14, what is -809c63b - -2?
-809c639
In base 8, what is -27706677 - -37?
-27706640
In base 7, what is -1345032226 - 3?
-1345032232
In base 14, what is 2 - b2d0764?
-b2d0762
In base 13, what is -73 + -1790c3?
-179166
In base 14, what is -5526db + 3?
-5526d8
In base 5, what is -12402311 + -221?
-12403032
In base 4, what is 11 + -21130000030313?
-21130000030302
In base 5, what